q) = -6*g(q) + 39*t(q). Let y be n(10). Determine b(y).
10
Let c(i) = -i**2 - 4*i - 1. Let w(m) be the first derivative of m - 39. Let u(r) = -c(r) - 3*w(r). Determine u(-6).
10
Let l(i) be the second derivative of i**3/6 - 7*i**2/2 + 23*i. Give l(5).
-2
Let d(t) = -3*t**2 + 27*t + 25. Let k(n) = 2*n**2 - 14*n - 13. Let h(a) = -3*d(a) - 5*k(a). Suppose -6*w - 117 = 7*w. Give h(w).
8
Let g(s) = -s**3 + s. Let x(v) = 5*v**3 - 9*v**2 + 2*v - 17. Let c(q) = 6*g(q) + x(q). Calculate c(-10).
3
Let j(q) be the third derivative of 0*q - 1/24*q**4 + 0 - 4*q**2 - q**3. Let p be j(-9). Let b(y) = y**3 - 2*y**2 - 4*y - 1. What is b(p)?
-4
Let n(p) = 4*p**3 - 4*p**2 + 4*p. Let c be 9*1/3 + -2. Determine n(c).
4
Let b(h) = 1. Let m(l) = 3*l**2 + l + 6. Let t(x) = 3*x**2 + x + 7. Let o = 9 + -4. Let d(s) = o*m(s) - 4*t(s). Let z(n) = 2*b(n) - d(n). Calculate z(1).
-4
Suppose 25*q - 21*q = 0. Let o = -17 + 28. Let z(w) = -o - w - 16 + 31. Determine z(q).
4
Let o(v) = 4*v + 6*v + 8 - v - 4*v. Calculate o(-7).
-27
Let y(n) be the first derivative of n**3/3 + 5*n**2/2 + 4*n + 208. Calculate y(-4).
0
Let i(z) = 12*z**2 + 6 - 3*z - 6*z**2 - 2*z**2 - z - 3*z**2. What is i(4)?
6
Suppose -5*k - 4*j - 6 = 0, 8 = -2*k + 2*j - 5*j. Let z be 4*k/20*-15. Let d(v) = v**2 + 5*v - 2. Give d(z).
4
Let i(h) = 5*h**2 + 2*h + 1. Let k be i(-1). Let x(s) = -k*s + 0*s + 0*s + 120 - 121 - 2*s**2. Calculate x(-4).
-17
Let h(o) be the second derivative of o**4/6 + 5*o**3/6 + 3*o**2/2 + 6*o. Suppose 0 = 4*z - 0*z - 8. Let f = z + -5. What is h(f)?
6
Suppose i = -t - 2 - 1, 0 = -5*i - t + 5. Let h(b) = -1 + 0 + 0 + 2 + 6*b**i. What is h(-1)?
7
Let q = -1 + 5. Let h(x) be the second derivative of -x**5/20 + 5*x**4/12 - x**3 + x**2 + 93*x. Calculate h(q).
-6
Let q be (0 + -2 - -5)*23/414. Let d(l) be the second derivative of -7*l + 0 - 1/2*l**2 + q*l**3. What is d(1)?
0
Let p(c) = -c**3 - c**2 - c - 1. Let f(i) = i**2 - 2*i + 1. Let s be ((-1)/(-2 + 1))/(-67 - -68). Let x be f(s). Calculate p(x).
-1
Let u = -72 - -79. Let w(y) = -u*y**2 + y + 4*y**2 + y**2 - 3 + 3*y. What is w(2)?
-3
Suppose -m - 2*o + 43 = 12, -3*m + 3*o = -138. Let g(t) = 8 - 2*t - t**3 - 22*t**2 + m*t**2 - 13*t**2. What is g(6)?
-4
Let m(z) = 2*z**2 - 21*z + 13. Let i be 2/2*240/24. What is m(i)?
3
Suppose -4*q + 0*q - 58 = -5*n, 5*q + n + 58 = 0. Let o be (q/(-9))/(2/3). Let x(g) = o*g + 3*g**2 - 2 - g**2 + g**2 - g**3. Determine x(3).
4
Let h(x) = 5*x**2 - 13*x + 8. Let m = -26 + 43. Let b(a) = -14*a**2 + 38*a - 24. Let f(o) = m*h(o) + 6*b(o). What is f(-8)?
0
Let m(j) = j - 5*j + 5*j + 2 + 0*j**2 - j**2 - 4*j. Give m(-3).
2
Suppose 2*h = -2*m + 8 + 2, -19 = -5*h - 3*m. Let o(d) = 292 + 2*d + 292 - 4*d**h - 583. What is o(-1)?
-5
Let m(h) = 7*h. Let p be ((-8)/12)/(8/12 - 0). Give m(p).
-7
Let z(l) be the third derivative of -l**5/60 + 5*l**4/24 + 2*l**3/3 - 25*l**2 + 2*l. Give z(-3).
-20
Let w(a) = 4 + 4*a - 3 + 23*a**2 - 5*a - 24*a**2. Give w(0).
1
Let d(z) be the second derivative of z**5/20 - z**4/6 + z**3/3 - z**2/2 - 15*z + 2. Let h be ((-12)/9)/((-2)/3). What is d(h)?
3
Let m(g) = 7*g**2 - 5*g. Let a(l) = -l**2. Let w(r) = 6*a(r) + m(r). Suppose -30 = -9*j + 6. Give w(j).
-4
Let y(t) = 0*t**2 - t + 0*t**2 + 2*t**2. Suppose 22 = v + 4*j, -4*j + 3 = -3*v + 21. Let q = v + -8. Calculate y(q).
6
Let k = 1/854 - -851/2562. Let i(h) be the first derivative of -3*h + 2*h**2 + k*h**3 - 4. Calculate i(-6).
9
Suppose 4*d - 3 - 5 = 3*f, -4*d = -2*f - 12. Let n(b) be the third derivative of b**6/120 - b**5/20 - b**4/3 + 5*b**3/6 + 2*b**2. Give n(d).
15
Let o(w) be the second derivative of -w**6/120 + 2*w**5/15 + 3*w**4/8 + 4*w**3/3 + 13*w**2 - 17*w. Let l(t) be the first derivative of o(t). Calculate l(9).
8
Let v be (-5)/((-20)/12) + 0. Let w(u) = u**3 - 3*u**2 + u**2 + u + v*u**2. Give w(-1).
-1
Let t(d) = 59*d - 10. Let q(a) = -15*a - 1. Let w(u) = -4*q(u) - t(u). Let v(j) = -j**2 + 5*j - 4. Let g be v(4). Calculate w(g).
14
Let q = 3 - -2. Let v(u) be the third derivative of -u**6/120 + u**5/15 + u**4/6 + u**3/3 - 142*u**2 + 1. Give v(q).
-3
Let m = 22 + -58. Let f = m - -58. Let u(o) = -21*o**2 + 10*o + f*o**2 + o - 5 - 4*o. Determine u(-5).
-15
Let v(d) be the first derivative of d**4/4 + 20*d**3/3 - 10*d**2 + 17*d - 732. What is v(-21)?
-4
Let x(u) be the first derivative of -2*u**3/3 - u**2/2 - u - 48. Give x(2).
-11
Let o(a) = 4*a - 6. Let s(q) be the third derivative of 5*q**4/24 - 7*q**3/6 + 3*q**2. Let k(p) = 3*o(p) - 2*s(p). Give k(6).
8
Let k(o) = -2*o + 5. Let v(d) = -3*d + 9. Let b(p) = 5*k(p) - 3*v(p). Let j be 12*-2*3/12. What is b(j)?
4
Let g(a) = -a**3 + 5*a**2 + 8*a - 7. Let p = 288 + -282. Give g(p).
5
Let h(l) = l**2 - 4*l + 4. Let s be h(3). Let q be ((-3)/s)/((-3)/4). Let d(m) = -1 + 5 - 4 + q + 2*m**2 - 2*m. Give d(3).
16
Let b(d) be the third derivative of -d**4/24 - d**3/6 + d**2 + 90. What is b(-3)?
2
Let c(g) = g**2 + 4*g - 1. Let j be (-4)/(-3) + -10*2/(-12). Give c(j).
20
Let n(v) = 3*v**2 + 2*v + 1. Let s(x) = x**3 - 11*x**2 - 8*x - 19. Let p(q) = -6*n(q) - s(q). Give p(-6).
1
Let h(a) = a**2 + a + 5. Suppose 4*x = -0*m + m + 16, 4*m = -3*x + 12. Let k be h(m). Suppose r - k = -0*r. Let y(z) = -z**2 + 6*z + 4. What is y(r)?
9
Let v(b) be the first derivative of -3*b - 29 - 13/2*b**2. Calculate v(-2).
23
Let v(m) be the third derivative of m**5/60 - m**4/3 + 4*m**3/3 - 104*m**2. Let n(k) = -k**3 + 8*k**2 + k - 1. Let r be n(8). Determine v(r).
1
Let u(l) = 7 + 3 - 6*l + 5 + l. Let i(t) = -t + 3. Let m(g) = -11*i(g) + 2*u(g). Determine m(3).
0
Let b(v) = 41*v - 58. Let n(l) = 8*l - 11. Let u(f) = -2*b(f) + 11*n(f). Calculate u(2).
7
Let d(m) = 3*m - 2*m - 2077 + 3*m**2 + 2076. Calculate d(-2).
9
Let f(l) = -6*l**2 + l + 1. Let t(u) = u. Suppose z - 1 + 2 = 0. Let w be t(z). Let a be f(w). Let s(g) = g**3 + 6*g**2 + 1. Give s(a).
1
Let r(k) = k**3 - 2*k**3 - 2832*k**2 - 6*k + 2840*k**2 + 2. Calculate r(7).
9
Let c be 7 + -2 + 0 - 3. Suppose 0 = 4*u + 2*d, -4*u - 4*d = 10 - c. Let j be u*(-3 - 22/(-4)). Let l(q) = -q**2 + 5*q - 6. Give l(j).
-6
Let m(y) = 4*y**2 - 3*y - 4. Suppose -8572*i = -8568*i - 8. Determine m(i).
6
Let m(c) = 1 - c - 3*c**3 - 2 - c**2 + 0. Suppose u - v + 8 = 0, -5*u - 5*v - 2 - 18 = 0. Let l be (22/u)/11 + (-4)/6. Calculate m(l).
2
Suppose 2*n - 2*p + 10 = 5*n, 12 = 4*n + 2*p. Let w be (15/n + -8)/(1/(-8)). Let z(i) = i**2 - 5*i - 2. Determine z(w).
-6
Suppose -3*k + 16 = 4*g + g, 4*g = -5*k + 5. Let r(v) be the second derivative of v**4/6 - v**3/6 - 2*v**2 + 129*v. Give r(k).
17
Let x(y) = y + 4. Let r(i) = i - 12. Suppose -30 = -2*s - 12. Suppose z = -0*z + s. Let f be r(z). Calculate x(f).
1
Suppose 3*f - 2*f + a = 0, 0 = -5*f - a - 4. Let q = f - -5. Let x(k) = 5*k + 11*k + 4 - k**3 - q*k**2 - 11*k. Calculate x(-5).
4
Let j(z) = 3*z - 1. Let r be j(-6). Suppose 3*k + y - 48 = -2*y, 5*k - 74 = -2*y. Let h = k + r. Let l(a) = -a**3 - 6*a**2 - 5*a - 4. Calculate l(h).
-4
Let h(p) = 7*p - 6. Let t(u) = 5*u - 7. Let f(l) = -2*h(l) + 3*t(l). Suppose -4*a + 2*a = 4*q, -4*a - 4*q = -16. Let r = a - 8. What is f(r)?
-9
Let j(i) be the second derivative of -i**4/2 - i**3/6 + i - 26. Give j(1).
-7
Let d(n) = n**3 + n**2 - 2*n + 1. Let l(f) = -7*f**3 - 7*f**2 + 5*f - 6. Let p(c) = 4*d(c) + l(c). Let t = -10 - -15. Suppose -x = t - 3. Determine p(x).
16
Suppose -3 + 12 = 3*m. Let k(u) be the third derivative of u**4/12 + u**3/2 + 10*u**2. What is k(m)?
9
Let u = 1 - -1. Let l(b) = 2*b**3 - 30*b**2 + 3*b + 1. Let n(t) = t**3 - 22*t**2 + 3*t. Let p(z) = 3*l(z) - 4*n(z). What is p(u)?
5
Suppose -7*u + 10*u = 9. Suppose -u*m + 24 = 5*m. Let r(x) = -2*x**3 + 3*x**2 + 5*x - 3. Determine r(m).
-15
Let u(r) = -r**2 + r + 10. Let p(o) = -2*o + 14. Let s be p(7). What is u(s)?
10
Let c(a) = -a**3 + 11*a**2 - 3*a + 3. Suppose 2*b - 24 = l, -15*l + 20*l = 3*b - 43. What is c(b)?
-30
Let u(n) = -n**2 - 7*n + 4. Let t be 440/(-12)*(-36)/(-10). Let r = t + 124. Calculate u(r).
-4
Suppose -12*r = -15*r - 3. Let f be 1 + r - (-6)/(-18)*24. Let p(i) = -i**2 - 10*i - 10. What is p(f)?
6
Let f(g) = -g**2 + 4*g + 4. Let c be f(4). Let n(i) = -i**2 - 25*i - 1 + 22*i + 9*i. Determine n(c).
7
Let a(m) = 377*m - 1 - 760*m - 1 + 377*m. Determine a(-7).
40
Let q(z) be the first derivative of 1/60*z*